{"id":28,"date":"2019-05-14T21:18:26","date_gmt":"2019-05-14T21:18:26","guid":{"rendered":"http:\/\/onexxus.com.br\/blog\/?page_id=28"},"modified":"2020-04-14T20:47:29","modified_gmt":"2020-04-14T23:47:29","slug":"informacoes-sobre-o-metodo","status":"publish","type":"page","link":"https:\/\/onexxus.com.br\/blog\/informacoes-sobre-o-metodo\/","title":{"rendered":"Informa\u00e7\u00f5es sobre o m\u00e9todo"},"content":{"rendered":"<p>O m\u00e9todo O Nexxus foi testado por 85 volunt\u00e1rios. 82 deles conseguiram ter seu primeiro sonho l\u00facido em at\u00e9 20 dias, o que representa uma taxa de sucesso superior a 97%. Ao adquirir o m\u00e9todo, voc\u00ea concorda com a n\u00e3o garantia de ter o primeiro sonho l\u00facido em at\u00e9 20 dias, j\u00e1 que os resultados podem variar de pessoa para pessoa.<\/p>\n<h3>Aten\u00e7\u00e3o: o m\u00e9todo n\u00e3o substitui tratamentos m\u00e9dicos!<\/h3>\n<p><strong>A exist\u00eancia dos sonhos l\u00facidos \u00e9 comprovada pela ci\u00eancia, mas isso n\u00e3o significa que eles substituem qualquer tipo de tratamento ou aconselhamento m\u00e9dico, seja de um psiquiatra, psic\u00f3logo, neurologista ou outro especialista. Apenas um profissional pode fazer a indica\u00e7\u00e3o, substitui\u00e7\u00e3o ou retirada de quaisquer medicamentos. Assim, o m\u00e9todo atua como uma abordagem coadjuvante a tratamentos de natureza medicamentosa, psiqui\u00e1trica, psicol\u00f3gica ou neurol\u00f3gica. N\u00e3o realize a automedica\u00e7\u00e3o e n\u00e3o interrompa tratamentos que est\u00e3o em curso sem a orienta\u00e7\u00e3o de um profissional.<\/strong><\/p>\n","protected":false},"excerpt":{"rendered":"<p>O m\u00e9todo O Nexxus foi testado por 85 volunt\u00e1rios. 82 deles conseguiram ter seu primeiro sonho l\u00facido em at\u00e9 20 dias, o que representa uma taxa de sucesso superior a 97%. Ao adquirir o m\u00e9todo, voc\u00ea concorda com a n\u00e3o garantia de ter o primeiro sonho l\u00facido em at\u00e9 20 dias, j\u00e1 que os resultados [&hellip;]<\/p>\n","protected":false},"author":1,"featured_media":0,"parent":0,"menu_order":0,"comment_status":"closed","ping_status":"closed","template":"page-full.php","meta":{"footnotes":""},"class_list":["post-28","page","type-page","status-publish","hentry"],"blocksy_meta":[],"yoast_head":"<!-- This site is optimized with the Yoast SEO plugin v27.2 - https:\/\/yoast.com\/product\/yoast-seo-wordpress\/ -->\n<title>Informa\u00e7\u00f5es sobre o m\u00e9todo | O Nexxus<\/title>\n<meta name=\"robots\" content=\"index, follow, max-snippet:-1, max-image-preview:large, max-video-preview:-1\" \/>\n<link rel=\"canonical\" href=\"https:\/\/onexxus.com.br\/blog\/informacoes-sobre-o-metodo\/\" \/>\n<meta property=\"og:locale\" content=\"pt_BR\" \/>\n<meta property=\"og:type\" content=\"article\" \/>\n<meta property=\"og:title\" content=\"Informa\u00e7\u00f5es sobre o m\u00e9todo | O Nexxus\" \/>\n<meta property=\"og:description\" content=\"O m\u00e9todo O Nexxus foi testado por 85 volunt\u00e1rios. 82 deles conseguiram ter seu primeiro sonho l\u00facido em at\u00e9 20 dias, o que representa uma taxa de sucesso superior a 97%. Ao adquirir o m\u00e9todo, voc\u00ea concorda com a n\u00e3o garantia de ter o primeiro sonho l\u00facido em at\u00e9 20 dias, j\u00e1 que os resultados [&hellip;]\" \/>\n<meta property=\"og:url\" content=\"https:\/\/onexxus.com.br\/blog\/informacoes-sobre-o-metodo\/\" \/>\n<meta property=\"og:site_name\" content=\"O Nexxus\" \/>\n<meta property=\"article:modified_time\" content=\"2020-04-14T23:47:29+00:00\" \/>\n<meta property=\"og:image\" content=\"https:\/\/onexxus.com.br\/blog\/wp-content\/uploads\/2025\/07\/fundo-principal-horizontal-1024x683.png\" \/>\n\t<meta property=\"og:image:width\" content=\"1024\" \/>\n\t<meta property=\"og:image:height\" content=\"683\" \/>\n\t<meta property=\"og:image:type\" content=\"image\/png\" \/>\n<meta name=\"twitter:card\" content=\"summary_large_image\" \/>\n<meta name=\"twitter:label1\" content=\"Est. tempo de leitura\" \/>\n\t<meta name=\"twitter:data1\" content=\"1 minuto\" \/>\n<script type=\"application\/ld+json\" class=\"yoast-schema-graph\">{\"@context\":\"https:\/\/schema.org\",\"@graph\":[{\"@type\":\"WebPage\",\"@id\":\"https:\/\/onexxus.com.br\/blog\/informacoes-sobre-o-metodo\/\",\"url\":\"https:\/\/onexxus.com.br\/blog\/informacoes-sobre-o-metodo\/\",\"name\":\"Informa\u00e7\u00f5es sobre o m\u00e9todo | O Nexxus\",\"isPartOf\":{\"@id\":\"https:\/\/onexxus.com.br\/blog\/#website\"},\"datePublished\":\"2019-05-14T21:18:26+00:00\",\"dateModified\":\"2020-04-14T23:47:29+00:00\",\"breadcrumb\":{\"@id\":\"https:\/\/onexxus.com.br\/blog\/informacoes-sobre-o-metodo\/#breadcrumb\"},\"inLanguage\":\"pt-BR\",\"potentialAction\":[{\"@type\":\"ReadAction\",\"target\":[\"https:\/\/onexxus.com.br\/blog\/informacoes-sobre-o-metodo\/\"]}]},{\"@type\":\"BreadcrumbList\",\"@id\":\"https:\/\/onexxus.com.br\/blog\/informacoes-sobre-o-metodo\/#breadcrumb\",\"itemListElement\":[{\"@type\":\"ListItem\",\"position\":1,\"name\":\"In\u00edcio\",\"item\":\"https:\/\/onexxus.com.br\/blog\/\"},{\"@type\":\"ListItem\",\"position\":2,\"name\":\"Informa\u00e7\u00f5es sobre o m\u00e9todo\"}]},{\"@type\":\"WebSite\",\"@id\":\"https:\/\/onexxus.com.br\/blog\/#website\",\"url\":\"https:\/\/onexxus.com.br\/blog\/\",\"name\":\"O Nexxus\",\"description\":\"M\u00e9todo de sonhos l\u00facidos gratuito no Kindle Unlimited\",\"publisher\":{\"@id\":\"https:\/\/onexxus.com.br\/blog\/#\/schema\/person\/a1c329a5fe523a19624d3f14f5b0f757\"},\"potentialAction\":[{\"@type\":\"SearchAction\",\"target\":{\"@type\":\"EntryPoint\",\"urlTemplate\":\"https:\/\/onexxus.com.br\/blog\/?s={search_term_string}\"},\"query-input\":{\"@type\":\"PropertyValueSpecification\",\"valueRequired\":true,\"valueName\":\"search_term_string\"}}],\"inLanguage\":\"pt-BR\"},{\"@type\":[\"Person\",\"Organization\"],\"@id\":\"https:\/\/onexxus.com.br\/blog\/#\/schema\/person\/a1c329a5fe523a19624d3f14f5b0f757\",\"name\":\"Giovanna C\u00f3ppola\",\"image\":{\"@type\":\"ImageObject\",\"inLanguage\":\"pt-BR\",\"@id\":\"https:\/\/onexxus.com.br\/blog\/wp-content\/uploads\/2025\/07\/logo-novo5.png\",\"url\":\"https:\/\/onexxus.com.br\/blog\/wp-content\/uploads\/2025\/07\/logo-novo5.png\",\"contentUrl\":\"https:\/\/onexxus.com.br\/blog\/wp-content\/uploads\/2025\/07\/logo-novo5.png\",\"width\":1000,\"height\":150,\"caption\":\"Giovanna C\u00f3ppola\"},\"logo\":{\"@id\":\"https:\/\/onexxus.com.br\/blog\/wp-content\/uploads\/2025\/07\/logo-novo5.png\"},\"description\":\"Estudo e pratico os sonhos l\u00facidos desde 2012, mas sou apaixonada pelo universo on\u00edrico desde quando me entendo por gente. Desenvolvi O Nexxus, m\u00e9todo exclusivo de sonhos l\u00facidos, com 20 cap\u00edtulos e 20 exerc\u00edcios di\u00e1rios para voc\u00ea ter seu primeiro sonho l\u00facido em at\u00e9 20 dias.\"}]}<\/script>\n<!-- \/ Yoast SEO plugin. -->","yoast_head_json":{"title":"Informa\u00e7\u00f5es sobre o m\u00e9todo | O Nexxus","robots":{"index":"index","follow":"follow","max-snippet":"max-snippet:-1","max-image-preview":"max-image-preview:large","max-video-preview":"max-video-preview:-1"},"canonical":"https:\/\/onexxus.com.br\/blog\/informacoes-sobre-o-metodo\/","og_locale":"pt_BR","og_type":"article","og_title":"Informa\u00e7\u00f5es sobre o m\u00e9todo | O Nexxus","og_description":"O m\u00e9todo O Nexxus foi testado por 85 volunt\u00e1rios. 82 deles conseguiram ter seu primeiro sonho l\u00facido em at\u00e9 20 dias, o que representa uma taxa de sucesso superior a 97%. Ao adquirir o m\u00e9todo, voc\u00ea concorda com a n\u00e3o garantia de ter o primeiro sonho l\u00facido em at\u00e9 20 dias, j\u00e1 que os resultados [&hellip;]","og_url":"https:\/\/onexxus.com.br\/blog\/informacoes-sobre-o-metodo\/","og_site_name":"O Nexxus","article_modified_time":"2020-04-14T23:47:29+00:00","og_image":[{"width":1024,"height":683,"url":"https:\/\/onexxus.com.br\/blog\/wp-content\/uploads\/2025\/07\/fundo-principal-horizontal-1024x683.png","type":"image\/png"}],"twitter_card":"summary_large_image","twitter_misc":{"Est. tempo de leitura":"1 minuto"},"schema":{"@context":"https:\/\/schema.org","@graph":[{"@type":"WebPage","@id":"https:\/\/onexxus.com.br\/blog\/informacoes-sobre-o-metodo\/","url":"https:\/\/onexxus.com.br\/blog\/informacoes-sobre-o-metodo\/","name":"Informa\u00e7\u00f5es sobre o m\u00e9todo | O Nexxus","isPartOf":{"@id":"https:\/\/onexxus.com.br\/blog\/#website"},"datePublished":"2019-05-14T21:18:26+00:00","dateModified":"2020-04-14T23:47:29+00:00","breadcrumb":{"@id":"https:\/\/onexxus.com.br\/blog\/informacoes-sobre-o-metodo\/#breadcrumb"},"inLanguage":"pt-BR","potentialAction":[{"@type":"ReadAction","target":["https:\/\/onexxus.com.br\/blog\/informacoes-sobre-o-metodo\/"]}]},{"@type":"BreadcrumbList","@id":"https:\/\/onexxus.com.br\/blog\/informacoes-sobre-o-metodo\/#breadcrumb","itemListElement":[{"@type":"ListItem","position":1,"name":"In\u00edcio","item":"https:\/\/onexxus.com.br\/blog\/"},{"@type":"ListItem","position":2,"name":"Informa\u00e7\u00f5es sobre o m\u00e9todo"}]},{"@type":"WebSite","@id":"https:\/\/onexxus.com.br\/blog\/#website","url":"https:\/\/onexxus.com.br\/blog\/","name":"O Nexxus","description":"M\u00e9todo de sonhos l\u00facidos gratuito no Kindle Unlimited","publisher":{"@id":"https:\/\/onexxus.com.br\/blog\/#\/schema\/person\/a1c329a5fe523a19624d3f14f5b0f757"},"potentialAction":[{"@type":"SearchAction","target":{"@type":"EntryPoint","urlTemplate":"https:\/\/onexxus.com.br\/blog\/?s={search_term_string}"},"query-input":{"@type":"PropertyValueSpecification","valueRequired":true,"valueName":"search_term_string"}}],"inLanguage":"pt-BR"},{"@type":["Person","Organization"],"@id":"https:\/\/onexxus.com.br\/blog\/#\/schema\/person\/a1c329a5fe523a19624d3f14f5b0f757","name":"Giovanna C\u00f3ppola","image":{"@type":"ImageObject","inLanguage":"pt-BR","@id":"https:\/\/onexxus.com.br\/blog\/wp-content\/uploads\/2025\/07\/logo-novo5.png","url":"https:\/\/onexxus.com.br\/blog\/wp-content\/uploads\/2025\/07\/logo-novo5.png","contentUrl":"https:\/\/onexxus.com.br\/blog\/wp-content\/uploads\/2025\/07\/logo-novo5.png","width":1000,"height":150,"caption":"Giovanna C\u00f3ppola"},"logo":{"@id":"https:\/\/onexxus.com.br\/blog\/wp-content\/uploads\/2025\/07\/logo-novo5.png"},"description":"Estudo e pratico os sonhos l\u00facidos desde 2012, mas sou apaixonada pelo universo on\u00edrico desde quando me entendo por gente. Desenvolvi O Nexxus, m\u00e9todo exclusivo de sonhos l\u00facidos, com 20 cap\u00edtulos e 20 exerc\u00edcios di\u00e1rios para voc\u00ea ter seu primeiro sonho l\u00facido em at\u00e9 20 dias."}]}},"_links":{"self":[{"href":"https:\/\/onexxus.com.br\/blog\/wp-json\/wp\/v2\/pages\/28","targetHints":{"allow":["GET"]}}],"collection":[{"href":"https:\/\/onexxus.com.br\/blog\/wp-json\/wp\/v2\/pages"}],"about":[{"href":"https:\/\/onexxus.com.br\/blog\/wp-json\/wp\/v2\/types\/page"}],"author":[{"embeddable":true,"href":"https:\/\/onexxus.com.br\/blog\/wp-json\/wp\/v2\/users\/1"}],"replies":[{"embeddable":true,"href":"https:\/\/onexxus.com.br\/blog\/wp-json\/wp\/v2\/comments?post=28"}],"version-history":[{"count":6,"href":"https:\/\/onexxus.com.br\/blog\/wp-json\/wp\/v2\/pages\/28\/revisions"}],"predecessor-version":[{"id":264,"href":"https:\/\/onexxus.com.br\/blog\/wp-json\/wp\/v2\/pages\/28\/revisions\/264"}],"wp:attachment":[{"href":"https:\/\/onexxus.com.br\/blog\/wp-json\/wp\/v2\/media?parent=28"}],"curies":[{"name":"wp","href":"https:\/\/api.w.org\/{rel}","templated":true}]}}